CRAN Package Check Results for Package gamboostLSS

Last updated on 2023-09-30 10:57:07 CEST.

Flavor Version Tinstall Tcheck Ttotal Status Flags
r-devel-linux-x86_64-debian-clang 2.0-7 13.41 300.97 314.38 OK
r-devel-linux-x86_64-debian-gcc 2.0-7 10.62 221.46 232.08 OK
r-devel-linux-x86_64-fedora-clang 2.0-7 404.37 OK
r-devel-linux-x86_64-fedora-gcc 2.0-7 413.35 OK
r-devel-windows-x86_64 2.0-7 12.00 275.00 287.00 OK
r-patched-linux-x86_64 2.0-7 17.09 292.01 309.10 OK
r-release-linux-x86_64 2.0-7 13.21 289.11 302.32 OK
r-release-macos-arm64 2.0-7 150.00 OK
r-release-macos-x86_64 2.0-7 245.00 NOTE
r-release-windows-x86_64 2.0-7 15.00 324.00 339.00 OK
r-oldrel-macos-arm64 2.0-7 141.00 OK
r-oldrel-macos-x86_64 2.0-7 188.00 OK
r-oldrel-windows-x86_64 2.0-7 16.00 330.00 346.00 OK

Check Details

Version: 2.0-7
Check: re-building of vignette outputs
Result: NOTE
    Error(s) in re-building vignettes:
    --- re-building ‘gamboostLSS_Tutorial.Rnw’ using Sweave
    Loading required package: R2BayesX
    Loading required package: BayesXsrc
    Loading required package: colorspace
    Loading required package: mgcv
    Loading required package: nlme
    This is mgcv 1.8-42. For overview type 'help("mgcv-package")'.
    Loading required package: gamboostLSS
    Loading required package: mboost
    Loading required package: parallel
    Loading required package: stabs
    
    Attaching package: 'gamboostLSS'
    
    The following object is masked from 'package:stats':
    
     model.weights
    
    Loading required namespace: BayesX
    Error: processing vignette 'gamboostLSS_Tutorial.Rnw' failed with diagnostics:
    Running 'texi2dvi' on 'gamboostLSS_Tutorial.tex' failed.
    LaTeX errors:
    ! LaTeX Error: File `dsfont.sty' not found.
    
    Type X to quit or <RETURN> to proceed,
    or enter new name. (Default extension: sty)
    
    ! Emergency stop.
    <read *>
    
    l.18 ^^M
    
    ! ==> Fatal error occurred, no output PDF file produced!
    --- failed re-building 'gamboostLSS_Tutorial.Rnw'
    
    SUMMARY: processing the following file failed:
     'gamboostLSS_Tutorial.Rnw'
    
    Error: Vignette re-building failed.
    Execution halted
Flavor: r-release-macos-x86_64