CRAN Package Check Results for Package gRbase

Last updated on 2021-09-19 09:50:17 CEST.

Flavor Version Tinstall Tcheck Ttotal Status Flags
r-devel-linux-x86_64-debian-clang 1.8-6.7 293.15 159.41 452.56 OK
r-devel-linux-x86_64-debian-gcc 1.8-6.7 198.20 123.23 321.43 OK
r-devel-linux-x86_64-fedora-clang 1.8-6.7 629.13 NOTE
r-devel-linux-x86_64-fedora-gcc 1.8-6.7 566.01 OK
r-devel-windows-x86_64 1.8-6.7 248.00 208.00 456.00 OK
r-devel-windows-x86_64-gcc10-UCRT 1.8-6.7 ERROR
r-patched-linux-x86_64 1.8-6.7 240.72 157.85 398.57 OK
r-patched-solaris-x86 1.8-6.7 541.10 OK
r-release-linux-x86_64 1.8-6.7 242.51 156.80 399.31 OK
r-release-macos-arm64 1.8-6.7 NOTE
r-release-macos-x86_64 1.8-6.7 NOTE
r-release-windows-ix86+x86_64 1.8-6.7 674.00 211.00 885.00 NOTE
r-oldrel-macos-x86_64 1.8-6.7 NOTE
r-oldrel-windows-ix86+x86_64 1.8-6.7 657.00 282.00 939.00 NOTE

Check Details

Version: 1.8-6.7
Check: installed package size
Result: NOTE
     installed size is 12.8Mb
     sub-directories of 1Mb or more:
     libs 10.8Mb
Flavors: r-devel-linux-x86_64-fedora-clang, r-release-macos-arm64, r-release-macos-x86_64, r-release-windows-ix86+x86_64, r-oldrel-macos-x86_64, r-oldrel-windows-ix86+x86_64

Version: 1.8-6.7
Check: whether package can be installed
Result: ERROR
    Installation failed.
Flavor: r-devel-windows-x86_64-gcc10-UCRT