Last updated on 2023-02-07 10:53:58 CET.
Flavor | Version | Tinstall | Tcheck | Ttotal | Status | Flags |
---|---|---|---|---|---|---|
r-devel-linux-x86_64-debian-clang | 0.1.6 | 5.20 | 160.54 | 165.74 | OK | |
r-devel-linux-x86_64-debian-gcc | 0.1.6 | 3.40 | 109.99 | 113.39 | OK | |
r-devel-linux-x86_64-fedora-clang | 0.1.6 | 191.16 | OK | |||
r-devel-linux-x86_64-fedora-gcc | 0.1.6 | 191.07 | OK | |||
r-devel-windows-x86_64 | 0.1.6 | 33.00 | 168.00 | 201.00 | OK | |
r-patched-linux-x86_64 | 0.1.6 | 7.92 | 142.33 | 150.25 | OK | |
r-release-linux-x86_64 | 0.1.6 | 6.01 | 144.94 | 150.95 | OK | |
r-release-macos-arm64 | 0.1.6 | 74.00 | NOTE | |||
r-release-macos-x86_64 | 0.1.6 | 133.00 | OK | |||
r-release-windows-x86_64 | 0.1.6 | 24.00 | 191.00 | 215.00 | OK | |
r-oldrel-macos-arm64 | 0.1.6 | 65.00 | OK | |||
r-oldrel-macos-x86_64 | 0.1.6 | 82.00 | OK | |||
r-oldrel-windows-ix86+x86_64 | 0.1.6 | 12.00 | 174.00 | 186.00 | OK |
Version: 0.1.6
Check: package dependencies
Result: NOTE
Package suggested but not available for checking: ‘IRanges’
Flavor: r-release-macos-arm64
Version: 0.1.6
Check: Rd cross-references
Result: NOTE
Package unavailable to check Rd xrefs: ‘IRanges’
Flavor: r-release-macos-arm64