CRAN Package Check Results for Package funneljoin

Last updated on 2020-08-13 09:48:55 CEST.

Flavor Version Tinstall Tcheck Ttotal Status Flags
r-devel-linux-x86_64-debian-clang 0.1.0 0.48 2.52 3.00 ERROR
r-devel-linux-x86_64-debian-gcc 0.1.0 3.68 39.31 42.99 OK
r-devel-linux-x86_64-fedora-clang 0.1.0 74.71 NOTE
r-devel-linux-x86_64-fedora-gcc 0.1.0 64.64 NOTE
r-devel-windows-ix86+x86_64 0.1.0 18.00 62.00 80.00 OK
r-patched-linux-x86_64 0.1.0 4.25 50.59 54.84 OK
r-patched-solaris-x86 0.1.0 93.70 NOTE
r-release-linux-x86_64 0.1.0 0.42 2.71 3.13 ERROR
r-release-macos-x86_64 0.1.0 NOTE
r-release-windows-ix86+x86_64 0.1.0 16.00 90.00 106.00 WARN
r-oldrel-macos-x86_64 0.1.0 NOTE
r-oldrel-windows-ix86+x86_64 0.1.0 10.00 61.00 71.00 OK

Check Details

Version: 0.1.0
Check: package dependencies
Result: ERROR
    Packages required but not available: 'broom', 'tidyr'
    
    See section 'The DESCRIPTION file' in the 'Writing R Extensions'
    manual.
Flavors: r-devel-linux-x86_64-debian-clang, r-release-linux-x86_64

Version: 0.1.0
Check: dependencies in R code
Result: NOTE
    Namespace in Imports field not imported from: ‘tibble’
     All declared Imports should be used.
Flavors: r-devel-linux-x86_64-fedora-clang, r-devel-linux-x86_64-fedora-gcc, r-patched-solaris-x86, r-release-macos-x86_64, r-oldrel-macos-x86_64

Version: 0.1.0
Check: for unstated dependencies in ‘tests’
Result: WARN
    Warning: unable to access index for repository https://CRAN.R-project.org/src/contrib:
     cannot open URL 'https://CRAN.R-project.org/src/contrib/PACKAGES'
Flavor: r-release-windows-ix86+x86_64