Last updated on 2024-03-28 10:49:34 CET.
Flavor | Version | Tinstall | Tcheck | Ttotal | Status | Flags |
---|---|---|---|---|---|---|
r-devel-linux-x86_64-debian-clang | 0.6 | 1.76 | 21.13 | 22.89 | NOTE | |
r-devel-linux-x86_64-debian-gcc | 0.6 | 1.66 | 16.44 | 18.10 | NOTE | |
r-devel-linux-x86_64-fedora-clang | 0.6 | 29.00 | NOTE | |||
r-devel-linux-x86_64-fedora-gcc | 0.6 | 28.87 | NOTE | |||
r-devel-windows-x86_64 | 0.6 | 3.00 | 33.00 | 36.00 | NOTE | |
r-patched-linux-x86_64 | 0.6 | 2.06 | 20.67 | 22.73 | NOTE | |
r-release-linux-x86_64 | 0.6 | 1.77 | 20.34 | 22.11 | NOTE | |
r-release-macos-arm64 | 0.6 | 14.00 | NOTE | |||
r-release-macos-x86_64 | 0.6 | 19.00 | NOTE | |||
r-release-windows-x86_64 | 0.6 | 2.00 | 32.00 | 34.00 | NOTE | |
r-oldrel-macos-arm64 | 0.6 | 13.00 | NOTE | |||
r-oldrel-windows-x86_64 | 0.6 | 6.00 | 42.00 | 48.00 | NOTE |
Version: 0.6
Check: DESCRIPTION meta-information
Result: NOTE
Malformed Description field: should contain one or more complete sentences.
Flavors: r-devel-linux-x86_64-debian-clang, r-devel-linux-x86_64-debian-gcc, r-devel-linux-x86_64-fedora-clang, r-devel-linux-x86_64-fedora-gcc, r-devel-windows-x86_64, r-patched-linux-x86_64, r-release-linux-x86_64, r-release-macos-arm64, r-release-macos-x86_64, r-release-windows-x86_64, r-oldrel-macos-arm64, r-oldrel-windows-x86_64