Last updated on 2023-03-30 09:55:08 CEST.
Flavor | Version | Tinstall | Tcheck | Ttotal | Status | Flags |
---|---|---|---|---|---|---|
r-devel-linux-x86_64-debian-clang | 0.6 | 1.67 | 20.17 | 21.84 | NOTE | |
r-devel-linux-x86_64-debian-gcc | 0.6 | 1.41 | 16.11 | 17.52 | NOTE | |
r-devel-linux-x86_64-fedora-clang | 0.6 | 28.61 | NOTE | |||
r-devel-linux-x86_64-fedora-gcc | 0.6 | 27.14 | NOTE | |||
r-devel-windows-x86_64 | 0.6 | 17.00 | 0.00 | 17.00 | NOTE | |
r-patched-linux-x86_64 | 0.6 | 1.65 | 19.87 | 21.52 | NOTE | |
r-release-linux-x86_64 | 0.6 | 1.67 | 20.93 | 22.60 | NOTE | |
r-release-macos-arm64 | 0.6 | 16.00 | NOTE | |||
r-release-macos-x86_64 | 0.6 | 22.00 | NOTE | |||
r-release-windows-x86_64 | 0.6 | 6.00 | 42.00 | 48.00 | NOTE | |
r-oldrel-macos-arm64 | 0.6 | 18.00 | NOTE | |||
r-oldrel-macos-x86_64 | 0.6 | 28.00 | NOTE | |||
r-oldrel-windows-ix86+x86_64 | 0.6 | 4.00 | 24.00 | 28.00 | NOTE |
Version: 0.6
Check: DESCRIPTION meta-information
Result: NOTE
Malformed Description field: should contain one or more complete sentences.
Flavors: r-devel-linux-x86_64-debian-clang, r-devel-linux-x86_64-debian-gcc, r-devel-linux-x86_64-fedora-clang, r-devel-linux-x86_64-fedora-gcc, r-devel-windows-x86_64, r-patched-linux-x86_64, r-release-linux-x86_64, r-release-macos-arm64, r-release-macos-x86_64, r-release-windows-x86_64, r-oldrel-macos-arm64, r-oldrel-macos-x86_64, r-oldrel-windows-ix86+x86_64