Last updated on 2024-04-19 10:57:25 CEST.
Flavor | Version | Tinstall | Tcheck | Ttotal | Status | Flags |
---|---|---|---|---|---|---|
r-devel-linux-x86_64-debian-clang | 1.1-1 | 27.25 | 244.89 | 272.14 | NOTE | |
r-devel-linux-x86_64-debian-gcc | 1.1-1 | NOTE | ||||
r-devel-linux-x86_64-fedora-clang | 1.1-1 | 318.37 | NOTE | |||
r-devel-linux-x86_64-fedora-gcc | 1.1-1 | 333.00 | NOTE | |||
r-prerel-macos-arm64 | 1.1-1 | 84.00 | NOTE | |||
r-prerel-windows-x86_64 | 1.1-1 | 26.00 | 203.00 | 229.00 | NOTE | |
r-patched-linux-x86_64 | 1.1-1 | 31.73 | 210.84 | 242.57 | NOTE | |
r-release-linux-x86_64 | 1.1-1 | 24.89 | 223.54 | 248.43 | OK | |
r-release-macos-arm64 | 1.1-1 | 102.00 | OK | |||
r-release-macos-x86_64 | 1.1-1 | 172.00 | OK | |||
r-release-windows-x86_64 | 1.1-1 | 33.00 | 277.00 | 310.00 | OK | |
r-oldrel-macos-arm64 | 1.1-1 | 98.00 | OK | |||
r-oldrel-windows-x86_64 | 1.1-1 | 34.00 | 278.00 | 312.00 | OK |
Version: 1.1-1
Check: Rd files
Result: NOTE
checkRd: (-1) grade.Rd:57: Lost braces
57 | \code{freealg} object comprising terms of grade code{n}.
| ^
Flavors: r-devel-linux-x86_64-debian-clang, r-devel-linux-x86_64-debian-gcc, r-devel-linux-x86_64-fedora-clang, r-devel-linux-x86_64-fedora-gcc, r-prerel-macos-arm64, r-prerel-windows-x86_64, r-patched-linux-x86_64