CRAN Package Check Results for Package frailtypack

Last updated on 2020-08-14 10:03:34 CEST.

Flavor Version Tinstall Tcheck Ttotal Status Flags
r-devel-linux-x86_64-debian-clang 3.3.0 187.38 231.98 419.36 OK
r-devel-linux-x86_64-debian-gcc 3.3.0 191.66 172.71 364.37 OK
r-devel-linux-x86_64-fedora-clang 3.3.0 588.47 NOTE
r-devel-linux-x86_64-fedora-gcc 3.3.0 576.28 NOTE
r-devel-windows-ix86+x86_64 3.3.0 548.00 299.00 847.00 NOTE
r-patched-linux-x86_64 3.3.0 196.70 227.64 424.34 OK
r-patched-solaris-x86 3.3.0 1010.10 NOTE
r-release-linux-x86_64 3.3.0 193.75 230.21 423.96 OK
r-release-macos-x86_64 3.3.0 NOTE
r-release-windows-ix86+x86_64 3.3.0 544.00 277.00 821.00 NOTE
r-oldrel-macos-x86_64 3.3.0 NOTE
r-oldrel-windows-ix86+x86_64 3.3.0 413.00 255.00 668.00 NOTE

Additional issues

LTO

Check Details

Version: 3.3.0
Check: installed package size
Result: NOTE
     installed size is 10.5Mb
     sub-directories of 1Mb or more:
     R 1.1Mb
     help 1.8Mb
     libs 6.7Mb
Flavors: r-devel-linux-x86_64-fedora-clang, r-devel-windows-ix86+x86_64, r-patched-solaris-x86, r-release-macos-x86_64, r-release-windows-ix86+x86_64, r-oldrel-macos-x86_64, r-oldrel-windows-ix86+x86_64

Version: 3.3.0
Check: dependencies in R code
Result: NOTE
    Namespaces in Imports field not imported from:
     ‘jsonlite’ ‘rhandsontable’ ‘shinyBS’ ‘shinydashboard’ ‘shinyjs’
     ‘shinythemes’
     All declared Imports should be used.
Flavors: r-devel-linux-x86_64-fedora-clang, r-devel-linux-x86_64-fedora-gcc, r-patched-solaris-x86, r-release-macos-x86_64, r-oldrel-macos-x86_64