CRAN Package Check Results for Package formulops

Last updated on 2023-01-29 11:07:34 CET.

Flavor Version Tinstall Tcheck Ttotal Status Flags
r-devel-linux-x86_64-debian-clang 0.5.0 2.31 23.50 25.81 NOTE
r-devel-linux-x86_64-debian-gcc 0.5.0 1.45 18.42 19.87 NOTE
r-devel-linux-x86_64-fedora-clang 0.5.0 32.45 NOTE
r-devel-linux-x86_64-fedora-gcc 0.5.0 30.31 NOTE
r-devel-windows-x86_64 0.5.0 18.00 57.00 75.00 NOTE
r-patched-linux-x86_64 0.5.0 2.41 23.52 25.93 NOTE
r-release-linux-x86_64 0.5.0 2.27 23.38 25.65 NOTE
r-release-macos-arm64 0.5.0 14.00 NOTE
r-release-macos-x86_64 0.5.0 20.00 NOTE
r-release-windows-x86_64 0.5.0 10.00 50.00 60.00 NOTE
r-oldrel-macos-arm64 0.5.0 19.00 NOTE
r-oldrel-macos-x86_64 0.5.0 24.00 NOTE
r-oldrel-windows-ix86+x86_64 0.5.0 6.00 47.00 53.00 NOTE

Check Details

Version: 0.5.0
Check: LazyData
Result: NOTE
     'LazyData' is specified without a 'data' directory
Flavors: r-devel-linux-x86_64-debian-clang, r-devel-linux-x86_64-debian-gcc, r-devel-linux-x86_64-fedora-clang, r-devel-linux-x86_64-fedora-gcc, r-devel-windows-x86_64, r-patched-linux-x86_64, r-release-linux-x86_64, r-release-macos-arm64, r-release-macos-x86_64, r-release-windows-x86_64, r-oldrel-macos-arm64, r-oldrel-macos-x86_64, r-oldrel-windows-ix86+x86_64