CRAN Package Check Results for Package formula.tools

Last updated on 2021-09-21 09:52:38 CEST.

Flavor Version Tinstall Tcheck Ttotal Status Flags
r-devel-linux-x86_64-debian-clang 1.7.1 3.42 29.08 32.50 NOTE
r-devel-linux-x86_64-debian-gcc 1.7.1 3.09 23.35 26.44 NOTE
r-devel-linux-x86_64-fedora-clang 1.7.1 48.68 NOTE
r-devel-linux-x86_64-fedora-gcc 1.7.1 37.82 NOTE
r-devel-windows-x86_64 1.7.1 5.00 35.00 40.00 NOTE
r-devel-windows-x86_64-gcc10-UCRT 1.7.1 ERROR
r-patched-linux-x86_64 1.7.1 3.67 28.79 32.46 NOTE
r-patched-solaris-x86 1.7.1 58.10 NOTE
r-release-linux-x86_64 1.7.1 3.86 28.63 32.49 NOTE
r-release-macos-arm64 1.7.1 NOTE
r-release-macos-x86_64 1.7.1 NOTE
r-release-windows-ix86+x86_64 1.7.1 6.00 35.00 41.00 NOTE
r-oldrel-macos-x86_64 1.7.1 OK
r-oldrel-windows-ix86+x86_64 1.7.1 7.00 36.00 43.00 OK

Check Details

Version: 1.7.1
Check: LazyData
Result: NOTE
     'LazyData' is specified without a 'data' directory
Flavors: r-devel-linux-x86_64-debian-clang, r-devel-linux-x86_64-debian-gcc, r-devel-linux-x86_64-fedora-clang, r-devel-linux-x86_64-fedora-gcc, r-devel-windows-x86_64, r-devel-windows-x86_64-gcc10-UCRT, r-patched-linux-x86_64, r-patched-solaris-x86, r-release-linux-x86_64, r-release-macos-arm64, r-release-macos-x86_64, r-release-windows-ix86+x86_64

Version: 1.7.1
Check: whether package can be installed
Result: WARN
    Found the following significant warnings:
     WARNING: installation-time patches will not be applied, could not get the patches index
Flavor: r-devel-windows-x86_64-gcc10-UCRT

Version: 1.7.1
Check: PDF version of manual
Result: WARN
    LaTeX errors when creating PDF version.
    This typically indicates Rd problems.
Flavor: r-devel-windows-x86_64-gcc10-UCRT

Version: 1.7.1
Check: PDF version of manual without hyperrefs or index
Result: ERROR
    Re-running with no redirection of stdout/stderr.
Flavor: r-devel-windows-x86_64-gcc10-UCRT