CRAN Package Check Results for Package forestmodel

Last updated on 2023-04-02 09:56:38 CEST.

Flavor Version Tinstall Tcheck Ttotal Status Flags
r-devel-linux-x86_64-debian-clang 0.6.2 7.24 59.89 67.13 NOTE
r-devel-linux-x86_64-debian-gcc 0.6.2 5.94 44.40 50.34 NOTE
r-devel-linux-x86_64-fedora-clang 0.6.2 82.11 NOTE
r-devel-linux-x86_64-fedora-gcc 0.6.2 78.38 NOTE
r-devel-windows-x86_64 0.6.2 11.00 84.00 95.00 NOTE
r-patched-linux-x86_64 0.6.2 5.03 55.28 60.31 NOTE
r-release-linux-x86_64 0.6.2 4.56 57.44 62.00 NOTE
r-release-macos-arm64 0.6.2 24.00 NOTE
r-release-macos-x86_64 0.6.2 51.00 NOTE
r-release-windows-x86_64 0.6.2 12.00 89.00 101.00 NOTE
r-oldrel-macos-arm64 0.6.2 32.00 NOTE
r-oldrel-macos-x86_64 0.6.2 46.00 NOTE
r-oldrel-windows-ix86+x86_64 0.6.2 16.00 82.00 98.00 NOTE

Check Details

Version: 0.6.2
Check: LazyData
Result: NOTE
     'LazyData' is specified without a 'data' directory
Flavors: r-devel-linux-x86_64-debian-clang, r-devel-linux-x86_64-debian-gcc, r-devel-linux-x86_64-fedora-clang, r-devel-linux-x86_64-fedora-gcc, r-devel-windows-x86_64, r-patched-linux-x86_64, r-release-linux-x86_64, r-release-macos-arm64, r-release-macos-x86_64, r-release-windows-x86_64, r-oldrel-macos-arm64, r-oldrel-macos-x86_64, r-oldrel-windows-ix86+x86_64