CRAN Package Check Results for Package foreign

Last updated on 2020-09-27 09:47:22 CEST.

Flavor Version Tinstall Tcheck Ttotal Status Flags
r-devel-linux-x86_64-debian-clang 0.8-80 7.67 35.78 43.45 OK
r-devel-linux-x86_64-debian-gcc 0.8-80 7.42 26.85 34.27 OK
r-devel-linux-x86_64-fedora-clang 0.8-80 63.48 OK
r-devel-linux-x86_64-fedora-gcc 0.8-80 53.78 OK
r-devel-windows-ix86+x86_64 0.8-80 31.00 56.00 87.00 OK
r-patched-linux-x86_64 0.8-80 5.85 33.48 39.33 OK
r-patched-solaris-x86 0.8-80 OK
r-release-linux-x86_64 0.8-80 7.83 33.51 41.34 OK
r-release-macos-x86_64 0.8-80 OK
r-release-windows-ix86+x86_64 0.8-80 29.00 76.00 105.00 OK
r-oldrel-macos-x86_64 0.8-80 ERROR
r-oldrel-windows-ix86+x86_64 0.8-76 44.00 87.00 131.00 OK

Check Details

Version: 0.8-80
Check: whether package can be installed
Result: ERROR
    Installation failed.
Flavor: r-oldrel-macos-x86_64