Last updated on 2024-04-18 10:49:48 CEST.
Flavor | Version | Tinstall | Tcheck | Ttotal | Status | Flags |
---|---|---|---|---|---|---|
r-devel-linux-x86_64-debian-clang | 2.6.2 | 7.78 | 77.82 | 85.60 | NOTE | |
r-devel-linux-x86_64-debian-gcc | 2.6.2 | 7.06 | 57.57 | 64.63 | NOTE | |
r-devel-linux-x86_64-fedora-clang | 2.6.2 | 105.12 | NOTE | |||
r-devel-linux-x86_64-fedora-gcc | 2.6.2 | 102.53 | NOTE | |||
r-prerel-macos-arm64 | 2.6.2 | 29.00 | NOTE | |||
r-prerel-windows-x86_64 | 2.6.2 | 10.00 | 71.00 | 81.00 | NOTE | |
r-patched-linux-x86_64 | 2.6.2 | 9.17 | 75.86 | 85.03 | NOTE | |
r-release-linux-x86_64 | 2.6.2 | 6.52 | 75.74 | 82.26 | OK | |
r-release-macos-arm64 | 2.6.2 | 33.00 | OK | |||
r-release-macos-x86_64 | 2.6.2 | 51.00 | OK | |||
r-release-windows-x86_64 | 2.6.2 | 12.00 | 83.00 | 95.00 | OK | |
r-oldrel-macos-arm64 | 2.6.2 | 36.00 | OK | |||
r-oldrel-windows-x86_64 | 2.6.2 | 11.00 | 87.00 | 98.00 | OK |
Version: 2.6.2
Check: Rd files
Result: NOTE
checkRd: (-1) errorMetricFunctions.Rd:48: Lost braces
48 | The metric MdAE is obtained using code{type = "AE"} and \code{statistic = "Md"}
| ^
Flavors: r-devel-linux-x86_64-debian-clang, r-devel-linux-x86_64-debian-gcc, r-devel-linux-x86_64-fedora-clang, r-devel-linux-x86_64-fedora-gcc, r-prerel-macos-arm64, r-prerel-windows-x86_64, r-patched-linux-x86_64