CRAN Package Check Results for Package forcats

Last updated on 2022-12-06 10:51:51 CET.

Flavor Version Tinstall Tcheck Ttotal Status Flags
r-devel-linux-x86_64-debian-clang 0.5.2 5.38 56.00 61.38 OK
r-devel-linux-x86_64-debian-gcc 0.5.2 3.68 42.07 45.75 OK
r-devel-linux-x86_64-fedora-clang 0.5.2 84.49 NOTE
r-devel-linux-x86_64-fedora-gcc 0.5.2 92.76 NOTE
r-devel-windows-x86_64 0.5.2 44.00 93.00 137.00 OK
r-patched-linux-x86_64 0.5.2 4.78 53.24 58.02 OK
r-release-linux-x86_64 0.5.2 4.08 52.17 56.25 OK
r-release-macos-arm64 0.5.2 28.00 NOTE
r-release-macos-x86_64 0.5.2 39.00 NOTE
r-release-windows-x86_64 0.5.2 28.00 87.00 115.00 OK
r-oldrel-macos-arm64 0.5.2 29.00 NOTE
r-oldrel-macos-x86_64 0.5.2 40.00 NOTE
r-oldrel-windows-ix86+x86_64 0.5.2 9.00 82.00 91.00 OK

Check Details

Version: 0.5.2
Check: dependencies in R code
Result: NOTE
    Namespace in Imports field not imported from: ‘withr’
     All declared Imports should be used.
Flavors: r-devel-linux-x86_64-fedora-clang, r-devel-linux-x86_64-fedora-gcc, r-release-macos-arm64, r-release-macos-x86_64, r-oldrel-macos-arm64, r-oldrel-macos-x86_64