Last updated on 2024-05-11 09:51:19 CEST.
Flavor | Version | Tinstall | Tcheck | Ttotal | Status | Flags |
---|---|---|---|---|---|---|
r-devel-linux-x86_64-debian-clang | 0.1.1 | 2.82 | 165.11 | 167.93 | NOTE | |
r-devel-linux-x86_64-debian-gcc | 0.1.1 | 2.46 | 119.01 | 121.47 | NOTE | |
r-devel-linux-x86_64-fedora-clang | 0.1.1 | 202.35 | NOTE | |||
r-devel-linux-x86_64-fedora-gcc | 0.1.1 | 218.96 | NOTE | |||
r-devel-windows-x86_64 | 0.1.1 | 4.00 | 129.00 | 133.00 | NOTE | |
r-patched-linux-x86_64 | 0.1.1 | 3.58 | 156.37 | 159.95 | NOTE | |
r-release-linux-x86_64 | 0.1.1 | 3.14 | 156.30 | 159.44 | NOTE | |
r-release-macos-arm64 | 0.1.1 | 60.00 | NOTE | |||
r-release-windows-x86_64 | 0.1.1 | 4.00 | 125.00 | 129.00 | NOTE | |
r-oldrel-macos-arm64 | 0.1.1 | 66.00 | NOTE | |||
r-oldrel-macos-x86_64 | 0.1.1 | 114.00 | NOTE | |||
r-oldrel-windows-x86_64 | 0.1.1 | 3.00 | 154.00 | 157.00 | NOTE |
Version: 0.1.1
Check: LazyData
Result: NOTE
'LazyData' is specified without a 'data' directory
Flavors: r-devel-linux-x86_64-debian-clang, r-devel-linux-x86_64-debian-gcc, r-devel-linux-x86_64-fedora-clang, r-devel-linux-x86_64-fedora-gcc, r-devel-windows-x86_64, r-patched-linux-x86_64, r-release-linux-x86_64, r-release-macos-arm64, r-release-windows-x86_64, r-oldrel-macos-arm64, r-oldrel-macos-x86_64, r-oldrel-windows-x86_64