CRAN Package Check Results for Package fmerPack

Last updated on 2023-02-02 09:59:50 CET.

Flavor Version Tinstall Tcheck Ttotal Status Flags
r-devel-linux-x86_64-debian-clang 0.0-1 47.10 105.06 152.16 NOTE
r-devel-linux-x86_64-debian-gcc 0.0-1 35.19 79.16 114.35 NOTE
r-devel-linux-x86_64-fedora-clang 0.0-1 194.07 NOTE
r-devel-linux-x86_64-fedora-gcc 0.0-1 202.54 NOTE
r-devel-windows-x86_64 0.0-1 39.00 146.00 185.00 NOTE
r-patched-linux-x86_64 0.0-1 36.14 97.98 134.12 OK
r-release-linux-x86_64 0.0-1 38.54 99.32 137.86 OK
r-release-macos-arm64 0.0-1 49.00 NOTE
r-release-macos-x86_64 0.0-1 65.00 NOTE
r-release-windows-x86_64 0.0-1 39.00 152.00 191.00 OK
r-oldrel-macos-arm64 0.0-1 57.00 NOTE
r-oldrel-macos-x86_64 0.0-1 87.00 NOTE
r-oldrel-windows-ix86+x86_64 0.0-1 100.00 169.00 269.00 OK

Check Details

Version: 0.0-1
Check: C++ specification
Result: NOTE
     Specified C++11: please update to current default of C++17
Flavors: r-devel-linux-x86_64-debian-clang, r-devel-linux-x86_64-debian-gcc, r-devel-linux-x86_64-fedora-clang, r-devel-linux-x86_64-fedora-gcc, r-devel-windows-x86_64

Version: 0.0-1
Check: dependencies in R code
Result: NOTE
    Namespace in Imports field not imported from: ‘MASS’
     All declared Imports should be used.
Flavors: r-devel-linux-x86_64-fedora-clang, r-devel-linux-x86_64-fedora-gcc, r-release-macos-arm64, r-release-macos-x86_64, r-oldrel-macos-arm64, r-oldrel-macos-x86_64