Last updated on 2023-01-28 10:51:28 CET.
Flavor | Version | Tinstall | Tcheck | Ttotal | Status | Flags |
---|---|---|---|---|---|---|
r-devel-linux-x86_64-debian-clang | 0.2.7 | 18.61 | 41.58 | 60.19 | OK | |
r-devel-linux-x86_64-debian-gcc | 0.2.7 | 16.45 | 32.05 | 48.50 | NOTE | |
r-devel-linux-x86_64-fedora-clang | 0.2.7 | 87.79 | OK | |||
r-devel-linux-x86_64-fedora-gcc | 0.2.7 | 97.74 | NOTE | |||
r-devel-windows-x86_64 | 0.2.7 | 29.00 | 91.00 | 120.00 | OK | |
r-patched-linux-x86_64 | 0.2.7 | 16.27 | 40.88 | 57.15 | OK | |
r-release-linux-x86_64 | 0.2.7 | 18.99 | 40.01 | 59.00 | OK | |
r-release-macos-arm64 | 0.2.7 | 31.00 | OK | |||
r-release-macos-x86_64 | 0.2.7 | 39.00 | OK | |||
r-release-windows-x86_64 | 0.2.7 | 42.00 | 101.00 | 143.00 | OK | |
r-oldrel-macos-arm64 | 0.2.7 | 35.00 | OK | |||
r-oldrel-macos-x86_64 | 0.2.7 | 45.00 | OK | |||
r-oldrel-windows-ix86+x86_64 | 0.2.7 | 51.00 | 93.00 | 144.00 | OK |
Version: 0.2.7
Check: C++ specification
Result: NOTE
Specified C++11: please update to current default of C++17
Flavors: r-devel-linux-x86_64-debian-gcc, r-devel-linux-x86_64-fedora-gcc