Last updated on 2024-05-11 09:51:19 CEST.
Flavor | Version | Tinstall | Tcheck | Ttotal | Status | Flags |
---|---|---|---|---|---|---|
r-devel-linux-x86_64-debian-clang | 1.01-2 | 2.72 | 21.62 | 24.34 | NOTE | |
r-devel-linux-x86_64-debian-gcc | 1.01-2 | 2.20 | 17.55 | 19.75 | NOTE | |
r-devel-linux-x86_64-fedora-clang | 1.01-2 | 32.63 | NOTE | |||
r-devel-linux-x86_64-fedora-gcc | 1.01-2 | 35.89 | NOTE | |||
r-devel-windows-x86_64 | 1.01-2 | 5.00 | 38.00 | 43.00 | NOTE | |
r-patched-linux-x86_64 | 1.01-2 | 2.91 | 21.29 | 24.20 | NOTE | |
r-release-linux-x86_64 | 1.01-2 | 2.76 | 21.62 | 24.38 | NOTE | |
r-release-macos-arm64 | 1.01-2 | 15.00 | NOTE | |||
r-release-windows-x86_64 | 1.01-2 | 4.00 | 38.00 | 42.00 | NOTE | |
r-oldrel-macos-arm64 | 1.01-2 | 18.00 | NOTE | |||
r-oldrel-macos-x86_64 | 1.01-2 | 21.00 | NOTE | |||
r-oldrel-windows-x86_64 | 1.01-2 | 5.00 | 36.00 | 41.00 | NOTE |
Version: 1.01-2
Check: DESCRIPTION meta-information
Result: NOTE
Malformed Description field: should contain one or more complete sentences.
Flavors: r-devel-linux-x86_64-debian-clang, r-devel-linux-x86_64-debian-gcc, r-devel-linux-x86_64-fedora-clang, r-devel-linux-x86_64-fedora-gcc, r-devel-windows-x86_64, r-patched-linux-x86_64, r-release-linux-x86_64, r-release-macos-arm64, r-release-windows-x86_64, r-oldrel-macos-arm64, r-oldrel-macos-x86_64, r-oldrel-windows-x86_64
Version: 1.01-2
Check: Rd files
Result: NOTE
checkRd: (-1) flashClust.Rd:92: Escaped LaTeX specials: \&
Flavors: r-devel-linux-x86_64-debian-clang, r-devel-linux-x86_64-debian-gcc, r-devel-linux-x86_64-fedora-clang, r-devel-linux-x86_64-fedora-gcc, r-devel-windows-x86_64, r-patched-linux-x86_64, r-release-linux-x86_64, r-release-macos-arm64, r-release-windows-x86_64, r-oldrel-macos-arm64, r-oldrel-macos-x86_64, r-oldrel-windows-x86_64
Version: 1.01-2
Check: compiled code
Result: NOTE
File ‘flashClust/libs/flashClust.so’:
Found no calls to: ‘R_registerRoutines’, ‘R_useDynamicSymbols’
It is good practice to register native routines and to disable symbol
search.
See ‘Writing portable packages’ in the ‘Writing R Extensions’ manual.
Flavors: r-devel-linux-x86_64-fedora-clang, r-devel-linux-x86_64-fedora-gcc