Last updated on 2024-05-11 09:51:19 CEST.
Flavor | Version | Tinstall | Tcheck | Ttotal | Status | Flags |
---|---|---|---|---|---|---|
r-devel-linux-x86_64-debian-clang | 0.1.0 | 70.54 | 183.65 | 254.19 | NOTE | |
r-devel-linux-x86_64-debian-gcc | 0.1.0 | 49.69 | 132.23 | 181.92 | NOTE | |
r-devel-linux-x86_64-fedora-clang | 0.1.0 | 337.13 | NOTE | |||
r-devel-linux-x86_64-fedora-gcc | 0.1.0 | 403.49 | NOTE | |||
r-devel-windows-x86_64 | 0.1.0 | 56.00 | 179.00 | 235.00 | NOTE | |
r-patched-linux-x86_64 | 0.1.0 | 75.89 | 177.31 | 253.20 | NOTE | |
r-release-linux-x86_64 | 0.1.0 | 67.57 | 176.74 | 244.31 | NOTE | |
r-release-macos-arm64 | 0.1.0 | 77.00 | NOTE | |||
r-release-windows-x86_64 | 0.1.0 | 57.00 | 175.00 | 232.00 | NOTE | |
r-oldrel-macos-arm64 | 0.1.0 | 85.00 | NOTE | |||
r-oldrel-macos-x86_64 | 0.1.0 | 176.00 | NOTE | |||
r-oldrel-windows-x86_64 | 0.1.0 | 71.00 | 202.00 | 273.00 | NOTE |
Version: 0.1.0
Check: C++ specification
Result: NOTE
Specified C++11: please drop specification unless essential
Flavors: r-devel-linux-x86_64-debian-clang, r-devel-linux-x86_64-debian-gcc, r-devel-linux-x86_64-fedora-clang, r-devel-linux-x86_64-fedora-gcc, r-devel-windows-x86_64, r-patched-linux-x86_64, r-release-linux-x86_64, r-release-macos-arm64, r-release-windows-x86_64, r-oldrel-macos-arm64, r-oldrel-macos-x86_64, r-oldrel-windows-x86_64
Version: 0.1.0
Check: Rd files
Result: NOTE
checkRd: (-1) ModelMixHMM-class.Rd:31: Lost braces; missing escapes or markup?
31 | \code{smoothed} of class {StatMixHMM}).
| ^
checkRd: (-1) ModelMixHMMR-class.Rd:31: Lost braces; missing escapes or markup?
31 | \code{smoothed} of class {StatMixHMMR}).
| ^
Flavors: r-devel-linux-x86_64-debian-clang, r-devel-linux-x86_64-debian-gcc, r-devel-linux-x86_64-fedora-clang, r-devel-linux-x86_64-fedora-gcc, r-devel-windows-x86_64, r-patched-linux-x86_64, r-release-linux-x86_64, r-release-macos-arm64, r-release-windows-x86_64
Version: 0.1.0
Check: installed package size
Result: NOTE
installed size is 5.8Mb
sub-directories of 1Mb or more:
doc 1.9Mb
help 2.3Mb
libs 1.2Mb
Flavors: r-devel-windows-x86_64, r-release-macos-arm64, r-release-windows-x86_64, r-oldrel-macos-arm64, r-oldrel-macos-x86_64, r-oldrel-windows-x86_64