CRAN Package Check Results for Package fitur

Last updated on 2020-08-06 09:48:56 CEST.

Flavor Version Tinstall Tcheck Ttotal Status Flags
r-devel-linux-x86_64-debian-clang 0.6.1 9.01 102.82 111.83 OK
r-devel-linux-x86_64-debian-gcc 0.6.1 7.34 77.35 84.69 OK
r-devel-linux-x86_64-fedora-clang 0.6.1 142.88 NOTE
r-devel-linux-x86_64-fedora-gcc 0.6.1 133.25 NOTE
r-devel-windows-ix86+x86_64 0.6.1 38.00 119.00 157.00 OK
r-patched-linux-x86_64 0.6.1 9.55 98.22 107.77 OK
r-patched-solaris-x86 0.6.1 199.60 NOTE
r-release-linux-x86_64 0.6.1 10.19 98.63 108.82 OK
r-release-macos-x86_64 0.6.1 NOTE
r-release-windows-ix86+x86_64 0.6.1 42.00 158.00 200.00 OK
r-oldrel-macos-x86_64 0.6.1 NOTE
r-oldrel-windows-ix86+x86_64 0.6.1 21.00 96.00 117.00 OK

Check Details

Version: 0.6.1
Check: dependencies in R code
Result: NOTE
    Namespace in Imports field not imported from: ‘rstudioapi’
     All declared Imports should be used.
Flavors: r-devel-linux-x86_64-fedora-clang, r-devel-linux-x86_64-fedora-gcc, r-patched-solaris-x86, r-release-macos-x86_64, r-oldrel-macos-x86_64