CRAN Package Check Results for Package filesstrings

Last updated on 2022-09-28 09:54:18 CEST.

Flavor Version Tinstall Tcheck Ttotal Status Flags
r-devel-linux-x86_64-debian-clang 3.2.3 2.73 41.10 43.83 OK
r-devel-linux-x86_64-debian-gcc 3.2.3 2.59 32.37 34.96 OK
r-devel-linux-x86_64-fedora-clang 3.2.3 67.96 OK
r-devel-linux-x86_64-fedora-gcc 3.2.3 70.54 OK
r-devel-windows-x86_64 3.2.3 68.00 74.00 142.00 OK
r-patched-linux-x86_64 3.2.3 2.98 39.30 42.28 OK
r-release-linux-x86_64 3.2.3 3.06 39.01 42.07 OK
r-release-macos-arm64 3.2.3 20.00 OK
r-release-macos-x86_64 3.2.3 30.00 OK
r-release-windows-x86_64 3.2.3 6.00 69.00 75.00 OK
r-oldrel-macos-arm64 3.2.3 22.00 OK
r-oldrel-macos-x86_64 3.2.3 28.00 OK
r-oldrel-windows-ix86+x86_64 3.2.3 2.00 17.00 19.00 ERROR

Check Details

Version: 3.2.3
Check: package dependencies
Result: ERROR
    Packages required and available but unsuitable versions: 'strex', 'stringi'
    
    See section 'The DESCRIPTION file' in the 'Writing R Extensions'
    manual.
Flavor: r-oldrel-windows-ix86+x86_64