Last updated on 2024-04-26 09:51:59 CEST.
Flavor | Version | Tinstall | Tcheck | Ttotal | Status | Flags |
---|---|---|---|---|---|---|
r-devel-linux-x86_64-debian-clang | 1.1 | 3.34 | 34.33 | 37.67 | NOTE | |
r-devel-linux-x86_64-debian-gcc | 1.1 | 2.47 | 25.90 | 28.37 | NOTE | |
r-devel-linux-x86_64-fedora-clang | 1.1 | 46.99 | NOTE | |||
r-devel-linux-x86_64-fedora-gcc | 1.1 | 62.90 | NOTE | |||
r-devel-windows-x86_64 | 1.1 | 4.00 | 59.00 | 63.00 | OK | |
r-patched-linux-x86_64 | 1.1 | 3.39 | 32.87 | 36.26 | NOTE | |
r-release-linux-x86_64 | 1.1 | 3.44 | 32.20 | 35.64 | NOTE | |
r-release-macos-arm64 | 1.1 | 24.00 | OK | |||
r-release-windows-x86_64 | 1.1 | 4.00 | 52.00 | 56.00 | OK | |
r-oldrel-macos-arm64 | 1.1 | 26.00 | OK | |||
r-oldrel-macos-x86_64 | 1.1 | 38.00 | OK | |||
r-oldrel-windows-x86_64 | 1.1 | 4.00 | 54.00 | 58.00 | OK |
Version: 1.1
Check: for non-standard things in the check directory
Result: NOTE
Found the following files/directories:
‘treesAll.txt’
Flavors: r-devel-linux-x86_64-debian-clang, r-devel-linux-x86_64-debian-gcc, r-devel-linux-x86_64-fedora-clang, r-devel-linux-x86_64-fedora-gcc, r-patched-linux-x86_64, r-release-linux-x86_64