CRAN Package Check Results for Package fdadensity

Last updated on 2022-12-05 09:51:18 CET.

Flavor Version Tinstall Tcheck Ttotal Status Flags
r-devel-linux-x86_64-debian-clang 0.1.2 29.33 56.22 85.55 OK
r-devel-linux-x86_64-debian-gcc 0.1.2 18.98 42.95 61.93 OK
r-devel-linux-x86_64-fedora-clang 0.1.2 126.18 OK
r-devel-linux-x86_64-fedora-gcc 0.1.2 112.74 OK
r-devel-windows-x86_64 0.1.2 38.00 112.00 150.00 OK
r-patched-linux-x86_64 0.1.2 25.12 53.06 78.18 OK
r-release-linux-x86_64 0.1.2 17.62 53.94 71.56 OK
r-release-macos-arm64 0.1.2 34.00 OK
r-release-macos-x86_64 0.1.2 58.00 OK
r-release-windows-x86_64 0.1.2 42.00 113.00 155.00 OK
r-oldrel-macos-arm64 0.1.2 43.00 OK
r-oldrel-macos-x86_64 0.1.2 60.00 OK
r-oldrel-windows-ix86+x86_64 0.1.2 66.00 124.00 190.00 NOTE

Check Details

Version: 0.1.2
Check: installed package size
Result: NOTE
     installed size is 5.4Mb
     sub-directories of 1Mb or more:
     data 3.3Mb
     libs 2.0Mb
Flavor: r-oldrel-windows-ix86+x86_64