Last updated on 2024-04-23 10:54:02 CEST.
Flavor | Version | Tinstall | Tcheck | Ttotal | Status | Flags |
---|---|---|---|---|---|---|
r-devel-linux-x86_64-debian-clang | 1.0.3 | 5.20 | 76.48 | 81.68 | OK | |
r-devel-linux-x86_64-debian-gcc | 1.0.3 | 5.25 | 56.38 | 61.63 | OK | |
r-devel-linux-x86_64-fedora-clang | 1.0.3 | 101.37 | NOTE | |||
r-devel-linux-x86_64-fedora-gcc | 1.0.3 | 112.04 | NOTE | |||
r-prerel-macos-arm64 | 1.0.3 | 37.00 | OK | |||
r-prerel-windows-x86_64 | 1.0.3 | 7.00 | 74.00 | 81.00 | OK | |
r-patched-linux-x86_64 | 1.0.3 | 4.25 | 73.32 | 77.57 | OK | |
r-release-linux-x86_64 | 1.0.3 | 4.13 | 69.78 | 73.91 | OK | |
r-release-macos-arm64 | 1.0.3 | 38.00 | OK | |||
r-release-macos-x86_64 | 1.0.3 | 57.00 | OK | |||
r-release-windows-x86_64 | 1.0.3 | 10.00 | 85.00 | 95.00 | OK | |
r-oldrel-macos-arm64 | 1.0.3 | 34.00 | NOTE | |||
r-oldrel-windows-x86_64 | 1.0.3 | 10.00 | 90.00 | 100.00 | OK |
Version: 1.0.3
Check: dependencies in R code
Result: NOTE
Namespaces in Imports field not imported from:
‘FastGP’ ‘MASS’ ‘fdapace’
All declared Imports should be used.
Flavors: r-devel-linux-x86_64-fedora-clang, r-devel-linux-x86_64-fedora-gcc, r-oldrel-macos-arm64