CRAN Package Check Results for Package fda.usc

Last updated on 2020-08-08 09:48:35 CEST.

Flavor Version Tinstall Tcheck Ttotal Status Flags
r-devel-linux-x86_64-debian-clang 2.0.2 41.66 217.90 259.56 OK
r-devel-linux-x86_64-debian-gcc 2.0.2 37.44 161.12 198.56 OK
r-devel-linux-x86_64-fedora-clang 2.0.2 327.75 NOTE
r-devel-linux-x86_64-fedora-gcc 2.0.2 300.80 NOTE
r-devel-windows-ix86+x86_64 2.0.2 82.00 328.00 410.00 OK
r-patched-linux-x86_64 2.0.2 47.27 216.92 264.19 OK
r-patched-solaris-x86 2.0.2 375.50 NOTE
r-release-linux-x86_64 2.0.2 39.51 213.97 253.48 OK
r-release-macos-x86_64 2.0.2 NOTE
r-release-windows-ix86+x86_64 2.0.2 80.00 341.00 421.00 OK
r-oldrel-macos-x86_64 2.0.2 NOTE
r-oldrel-windows-ix86+x86_64 2.0.2 54.00 216.00 270.00 OK

Check Details

Version: 2.0.2
Check: data for non-ASCII characters
Result: NOTE
     Note: found 76 marked UTF-8 strings
Flavors: r-devel-linux-x86_64-fedora-clang, r-devel-linux-x86_64-fedora-gcc, r-patched-solaris-x86, r-release-macos-x86_64, r-oldrel-macos-x86_64