Last updated on 2024-05-04 09:49:34 CEST.
Flavor | Version | Tinstall | Tcheck | Ttotal | Status | Flags |
---|---|---|---|---|---|---|
r-devel-linux-x86_64-debian-clang | 1.1.1 | 31.33 | 26.93 | 58.26 | NOTE | |
r-devel-linux-x86_64-debian-gcc | 1.1.1 | 29.48 | 21.36 | 50.84 | NOTE | |
r-devel-linux-x86_64-fedora-clang | 1.1.1 | 93.40 | NOTE | |||
r-devel-linux-x86_64-fedora-gcc | 1.1.1 | 91.46 | NOTE | |||
r-devel-windows-x86_64 | 1.1.1 | 32.00 | 63.00 | 95.00 | NOTE | |
r-patched-linux-x86_64 | 1.1.1 | 39.81 | 26.11 | 65.92 | NOTE | |
r-release-linux-x86_64 | 1.1.1 | 40.42 | 27.27 | 67.69 | NOTE | |
r-release-macos-arm64 | 1.1.1 | 27.00 | NOTE | |||
r-release-windows-x86_64 | 1.1.1 | 30.00 | 62.00 | 92.00 | NOTE | |
r-oldrel-macos-arm64 | 1.1.1 | 27.00 | NOTE | |||
r-oldrel-macos-x86_64 | 1.1.1 | 40.00 | NOTE | |||
r-oldrel-windows-x86_64 | 1.1.1 | 37.00 | 70.00 | 107.00 | NOTE |
Version: 1.1.1
Check: C++ specification
Result: NOTE
Specified C++11: please drop specification unless essential
Flavors: r-devel-linux-x86_64-debian-clang, r-devel-linux-x86_64-debian-gcc, r-devel-linux-x86_64-fedora-clang, r-devel-linux-x86_64-fedora-gcc, r-devel-windows-x86_64, r-patched-linux-x86_64, r-release-linux-x86_64, r-release-macos-arm64, r-release-windows-x86_64, r-oldrel-macos-arm64, r-oldrel-macos-x86_64, r-oldrel-windows-x86_64