CRAN Package Check Results for Package fastmaRching

Last updated on 2020-08-11 09:48:30 CEST.

Flavor Version Tinstall Tcheck Ttotal Status Flags
r-devel-linux-x86_64-debian-clang 1.1.0 2.43 30.56 32.99 OK
r-devel-linux-x86_64-debian-gcc 1.1.0 1.96 23.72 25.68 OK
r-devel-linux-x86_64-fedora-clang 1.1.0 47.48 NOTE
r-devel-linux-x86_64-fedora-gcc 1.1.0 37.91 NOTE
r-devel-windows-ix86+x86_64 1.1.0 7.00 61.00 68.00 OK
r-patched-linux-x86_64 1.1.0 2.62 30.72 33.34 OK
r-patched-solaris-x86 1.1.0 57.10 NOTE
r-release-linux-x86_64 1.1.0 2.65 30.46 33.11 OK
r-release-macos-x86_64 1.1.0 NOTE
r-release-windows-ix86+x86_64 1.1.0 9.00 59.00 68.00 OK
r-oldrel-macos-x86_64 1.1.0 NOTE
r-oldrel-windows-ix86+x86_64 1.1.0 4.00 37.00 41.00 OK

Check Details

Version: 1.1.0
Check: dependencies in R code
Result: NOTE
    Namespace in Imports field not imported from: ‘rgdal’
     All declared Imports should be used.
Flavors: r-devel-linux-x86_64-fedora-clang, r-devel-linux-x86_64-fedora-gcc, r-patched-solaris-x86, r-release-macos-x86_64, r-oldrel-macos-x86_64