Last updated on 2024-05-11 09:51:19 CEST.
Flavor | Version | Tinstall | Tcheck | Ttotal | Status | Flags |
---|---|---|---|---|---|---|
r-devel-linux-x86_64-debian-clang | 1.0 | 179.57 | 38.69 | 218.26 | OK | |
r-devel-linux-x86_64-debian-gcc | 1.0 | 136.50 | 29.04 | 165.54 | OK | |
r-devel-linux-x86_64-fedora-clang | 1.0 | 330.69 | OK | |||
r-devel-linux-x86_64-fedora-gcc | 1.0 | 386.90 | OK | |||
r-devel-windows-x86_64 | 1.0 | 131.00 | 79.00 | 210.00 | OK | |
r-patched-linux-x86_64 | 1.0 | 181.70 | 37.09 | 218.79 | OK | |
r-release-linux-x86_64 | 1.0 | 171.61 | 36.67 | 208.28 | OK | |
r-release-macos-arm64 | 1.0 | 56.00 | NOTE | |||
r-release-macos-x86_64 | 1.0 | 84.00 | NOTE | |||
r-release-windows-x86_64 | 1.0 | 131.00 | 76.00 | 207.00 | OK | |
r-oldrel-macos-arm64 | 1.0 | 70.00 | NOTE | |||
r-oldrel-macos-x86_64 | 1.0 | 80.00 | NOTE | |||
r-oldrel-windows-x86_64 | 1.0 | 168.00 | 84.00 | 252.00 | OK |
Version: 1.0
Check: installed package size
Result: NOTE
installed size is 5.7Mb
sub-directories of 1Mb or more:
libs 5.6Mb
Flavors: r-release-macos-arm64, r-release-macos-x86_64, r-oldrel-macos-arm64, r-oldrel-macos-x86_64