CRAN Package Check Results for Package fasterize

Last updated on 2022-12-01 09:55:07 CET.

Flavor Version Tinstall Tcheck Ttotal Status Flags
r-devel-linux-x86_64-debian-clang 1.0.3 129.10 273.41 402.51 WARN
r-devel-linux-x86_64-debian-gcc 1.0.3 97.47 208.74 306.21 NOTE
r-devel-linux-x86_64-fedora-clang 1.0.3 584.28 WARN
r-devel-linux-x86_64-fedora-gcc 1.0.3 549.02 NOTE
r-devel-windows-x86_64 1.0.3 104.00 302.00 406.00 NOTE
r-patched-linux-x86_64 1.0.3 111.26 268.03 379.29 NOTE
r-release-linux-x86_64 1.0.3 105.62 270.98 376.60 NOTE
r-release-macos-arm64 1.0.3 94.00 NOTE
r-release-macos-x86_64 1.0.3 135.00 NOTE
r-release-windows-x86_64 1.0.3 107.00 315.00 422.00 NOTE
r-oldrel-macos-arm64 1.0.3 64.00 NOTE
r-oldrel-macos-x86_64 1.0.3 122.00 NOTE
r-oldrel-windows-ix86+x86_64 1.0.3 296.00 387.00 683.00 NOTE

Check Details

Version: 1.0.3
Check: whether package can be installed
Result: WARN
    Found the following significant warnings:
     pixelfn.cpp:15:6: warning: use of bitwise '|' with boolean operands [-Wbitwise-instead-of-logical]
     pixelfn.cpp:34:6: warning: use of bitwise '|' with boolean operands [-Wbitwise-instead-of-logical]
     pixelfn.cpp:41:6: warning: use of bitwise '|' with boolean operands [-Wbitwise-instead-of-logical]
Flavors: r-devel-linux-x86_64-debian-clang, r-devel-linux-x86_64-fedora-clang

Version: 1.0.3
Check: LazyData
Result: NOTE
     'LazyData' is specified without a 'data' directory
Flavors: r-devel-linux-x86_64-debian-clang, r-devel-linux-x86_64-debian-gcc, r-devel-linux-x86_64-fedora-clang, r-devel-linux-x86_64-fedora-gcc, r-devel-windows-x86_64, r-patched-linux-x86_64, r-release-linux-x86_64, r-release-macos-arm64, r-release-macos-x86_64, r-release-windows-x86_64, r-oldrel-macos-arm64, r-oldrel-macos-x86_64, r-oldrel-windows-ix86+x86_64