CRAN Package Check Results for Package far

Last updated on 2020-08-06 09:48:56 CEST.

Flavor Version Tinstall Tcheck Ttotal Status Flags
r-devel-linux-x86_64-debian-clang 0.6-5 6.72 34.10 40.82 OK
r-devel-linux-x86_64-debian-gcc 0.6-5 4.56 25.91 30.47 OK
r-devel-linux-x86_64-fedora-clang 0.6-5 56.31 NOTE
r-devel-linux-x86_64-fedora-gcc 0.6-5 46.19 NOTE
r-devel-windows-ix86+x86_64 0.6-5 15.00 57.00 72.00 OK
r-patched-linux-x86_64 0.6-5 6.22 33.52 39.74 OK
r-patched-solaris-x86 0.6-5 65.20 OK
r-release-linux-x86_64 0.6-5 6.33 33.46 39.79 OK
r-release-macos-x86_64 0.6-5 OK
r-release-windows-ix86+x86_64 0.6-5 15.00 81.00 96.00 OK
r-oldrel-macos-x86_64 0.6-5 OK
r-oldrel-windows-ix86+x86_64 0.6-5 9.00 68.00 77.00 OK

Check Details

Version: 0.6-5
Check: compiled code
Result: NOTE
    File ‘far/libs/far.so’:
     Found no calls to: ‘R_registerRoutines’, ‘R_useDynamicSymbols’
    
    It is good practice to register native routines and to disable symbol
    search.
    
    See ‘Writing portable packages’ in the ‘Writing R Extensions’ manual.
Flavors: r-devel-linux-x86_64-fedora-clang, r-devel-linux-x86_64-fedora-gcc