Last updated on 2024-05-11 09:51:19 CEST.
Flavor | Version | Tinstall | Tcheck | Ttotal | Status | Flags |
---|---|---|---|---|---|---|
r-devel-linux-x86_64-debian-clang | 0.2.13 | 171.55 | 22.78 | 194.33 | OK | |
r-devel-linux-x86_64-debian-gcc | 0.2.13 | 132.38 | 17.67 | 150.05 | OK | |
r-devel-linux-x86_64-fedora-clang | 0.2.13 | 288.40 | OK | |||
r-devel-linux-x86_64-fedora-gcc | 0.2.13 | 279.18 | OK | |||
r-devel-windows-x86_64 | 0.2.13 | 88.00 | 53.00 | 141.00 | OK | |
r-patched-linux-x86_64 | 0.2.13 | 169.70 | 21.56 | 191.26 | OK | |
r-release-linux-x86_64 | 0.2.13 | 172.62 | 21.87 | 194.49 | OK | |
r-release-macos-arm64 | 0.2.13 | 50.00 | NOTE | |||
r-release-windows-x86_64 | 0.2.13 | 90.00 | 61.00 | 151.00 | OK | |
r-oldrel-macos-arm64 | 0.2.13 | 62.00 | NOTE | |||
r-oldrel-macos-x86_64 | 0.2.13 | 138.00 | NOTE | |||
r-oldrel-windows-x86_64 | 0.2.13 | 98.00 | 84.00 | 182.00 | OK |
Version: 0.2.13
Check: installed package size
Result: NOTE
installed size is 8.4Mb
sub-directories of 1Mb or more:
libs 8.3Mb
Flavors: r-release-macos-arm64, r-oldrel-macos-arm64, r-oldrel-macos-x86_64