CRAN Package Check Results for Package familiar

Last updated on 2023-01-27 10:50:16 CET.

Flavor Version Tinstall Tcheck Ttotal Status Flags
r-devel-linux-x86_64-debian-clang 1.4.1 85.70 882.71 968.41 OK
r-devel-linux-x86_64-debian-gcc 1.4.1 63.27 580.86 644.13 OK
r-devel-linux-x86_64-fedora-clang 1.4.1 1086.60 NOTE
r-devel-linux-x86_64-fedora-gcc 1.4.1 1056.98 OK
r-devel-windows-x86_64 1.4.1 304.00 601.00 905.00 NOTE
r-patched-linux-x86_64 1.4.1 80.35 714.12 794.47 OK
r-release-linux-x86_64 1.4.1 77.36 724.02 801.38 OK
r-release-macos-arm64 1.4.1 213.00 NOTE
r-release-macos-x86_64 1.4.1 262.00 NOTE
r-release-windows-x86_64 1.4.1 340.00 564.00 904.00 NOTE
r-oldrel-macos-arm64 1.4.1 221.00 NOTE
r-oldrel-macos-x86_64 1.4.1 246.00 NOTE
r-oldrel-windows-ix86+x86_64 1.4.1 123.00 555.00 678.00 NOTE

Check Details

Version: 1.4.1
Check: installed package size
Result: NOTE
     installed size is 5.8Mb
     sub-directories of 1Mb or more:
     R 3.5Mb
     doc 1.0Mb
     help 1.2Mb
Flavors: r-devel-linux-x86_64-fedora-clang, r-devel-windows-x86_64, r-release-macos-arm64, r-release-macos-x86_64, r-release-windows-x86_64, r-oldrel-macos-arm64, r-oldrel-macos-x86_64, r-oldrel-windows-ix86+x86_64