CRAN Package Check Results for Package factorMerger

Last updated on 2020-08-14 10:03:33 CEST.

Flavor Version Tinstall Tcheck Ttotal Status Flags
r-devel-linux-x86_64-debian-clang 0.4.0 16.21 184.16 200.37 OK
r-devel-linux-x86_64-debian-gcc 0.4.0 13.70 137.79 151.49 OK
r-devel-linux-x86_64-fedora-clang 0.4.0 241.51 NOTE
r-devel-linux-x86_64-fedora-gcc 0.4.0 231.20 NOTE
r-devel-windows-ix86+x86_64 0.4.0 64.00 191.00 255.00 OK
r-patched-linux-x86_64 0.4.0 11.47 177.03 188.50 OK
r-patched-solaris-x86 0.4.0 335.50 NOTE
r-release-linux-x86_64 0.4.0 12.63 178.49 191.12 OK
r-release-macos-x86_64 0.4.0 NOTE
r-release-windows-ix86+x86_64 0.4.0 40.00 181.00 221.00 OK
r-oldrel-macos-x86_64 0.4.0 NOTE
r-oldrel-windows-ix86+x86_64 0.4.0 26.00 188.00 214.00 OK

Check Details

Version: 0.4.0
Check: dependencies in R code
Result: NOTE
    Namespaces in Imports field not imported from:
     ‘forcats’ ‘formula.tools’
     All declared Imports should be used.
Flavors: r-devel-linux-x86_64-fedora-clang, r-devel-linux-x86_64-fedora-gcc, r-patched-solaris-x86, r-release-macos-x86_64, r-oldrel-macos-x86_64