CRAN Package Check Results for Package facilitation

Last updated on 2020-08-11 09:48:30 CEST.

Flavor Version Tinstall Tcheck Ttotal Status Flags
r-devel-linux-x86_64-debian-clang 0.5.2 53.36 80.96 134.32 NOTE
r-devel-linux-x86_64-debian-gcc 0.5.2 41.98 58.63 100.61 NOTE
r-devel-linux-x86_64-fedora-clang 0.5.2 186.52 NOTE
r-devel-linux-x86_64-fedora-gcc 0.5.2 160.96 NOTE
r-devel-windows-ix86+x86_64 0.5.2 140.00 165.00 305.00 OK
r-patched-linux-x86_64 0.5.2 43.59 75.78 119.37 NOTE
r-patched-solaris-x86 0.5.2 191.00 NOTE
r-release-linux-x86_64 0.5.2 40.97 74.67 115.64 NOTE
r-release-macos-x86_64 0.5.2 OK
r-release-windows-ix86+x86_64 0.5.2 137.00 162.00 299.00 OK
r-oldrel-macos-x86_64 0.5.2 OK
r-oldrel-windows-ix86+x86_64 0.5.2 86.00 124.00 210.00 OK

Check Details

Version: 0.5.2
Check: for non-standard things in the check directory
Result: NOTE
    Found the following files/directories:
     'facilitationmovie.gif' 'ts.gif'
Flavors: r-devel-linux-x86_64-debian-clang, r-devel-linux-x86_64-debian-gcc, r-devel-linux-x86_64-fedora-clang, r-devel-linux-x86_64-fedora-gcc, r-patched-linux-x86_64, r-patched-solaris-x86, r-release-linux-x86_64