CRAN Package Check Results for Package fabletools

Last updated on 2022-08-13 10:50:28 CEST.

Flavor Version Tinstall Tcheck Ttotal Status Flags
r-devel-linux-x86_64-debian-clang 0.3.2 19.53 234.37 253.90 OK
r-devel-linux-x86_64-debian-gcc 0.3.2 13.91 171.61 185.52 OK
r-devel-linux-x86_64-fedora-clang 0.3.2 302.06 NOTE
r-devel-linux-x86_64-fedora-gcc 0.3.2 287.59 OK
r-devel-windows-x86_64 0.3.2 125.00 252.00 377.00 OK
r-patched-linux-x86_64 0.3.2 22.99 211.45 234.44 OK
r-release-linux-x86_64 0.3.2 16.68 213.95 230.63 OK
r-release-macos-arm64 0.3.2 75.00 OK
r-release-macos-x86_64 0.3.2 149.00 OK
r-release-windows-x86_64 0.3.2 136.00 253.00 389.00 OK
r-oldrel-macos-arm64 0.3.2 382.00 OK
r-oldrel-macos-x86_64 0.3.2 95.00 OK
r-oldrel-windows-ix86+x86_64 0.3.2 34.00 245.00 279.00 OK

Check Details

Version: 0.3.2
Check: Rd cross-references
Result: NOTE
    Undeclared package ‘future’ in Rd xrefs
Flavor: r-devel-linux-x86_64-fedora-clang