CRAN Package Check Results for Package fabCI

Last updated on 2023-02-03 09:55:30 CET.

Flavor Version Tinstall Tcheck Ttotal Status Flags
r-devel-linux-x86_64-debian-clang 0.2 2.26 33.14 35.40 NOTE
r-devel-linux-x86_64-debian-gcc 0.2 2.32 24.91 27.23 NOTE
r-devel-linux-x86_64-fedora-clang 0.2 45.54 NOTE
r-devel-linux-x86_64-fedora-gcc 0.2 43.61 NOTE
r-patched-linux-x86_64 0.2 2.76 32.94 35.70 OK
r-release-linux-x86_64 0.2 1.95 32.01 33.96 OK
r-release-macos-arm64 0.2 15.00 OK
r-release-macos-x86_64 0.2 24.00 OK
r-release-windows-x86_64 0.2 15.00 64.00 79.00 OK
r-oldrel-macos-arm64 0.2 19.00 OK
r-oldrel-macos-x86_64 0.2 30.00 OK
r-oldrel-windows-ix86+x86_64 0.2 6.00 60.00 66.00 OK

Check Details

Version: 0.2
Check: package subdirectories
Result: NOTE
    Problems with news in ‘NEWS.md’:
    No news entries found.
Flavors: r-devel-linux-x86_64-debian-clang, r-devel-linux-x86_64-debian-gcc, r-devel-linux-x86_64-fedora-clang, r-devel-linux-x86_64-fedora-gcc