Last updated on 2023-03-21 10:52:13 CET.
Flavor | Version | Tinstall | Tcheck | Ttotal | Status | Flags |
---|---|---|---|---|---|---|
r-devel-linux-x86_64-debian-clang | 1.1-2 | 59.70 | 34.61 | 94.31 | OK | |
r-devel-linux-x86_64-debian-gcc | 1.1-2 | 30.45 | 27.04 | 57.49 | OK | |
r-devel-linux-x86_64-fedora-clang | 1.1-2 | 106.72 | OK | |||
r-devel-linux-x86_64-fedora-gcc | 1.1-2 | 91.29 | OK | |||
r-devel-windows-x86_64 | 1.1-2 | 42.00 | 81.00 | 123.00 | OK | |
r-patched-linux-x86_64 | 1.1-2 | 33.63 | 34.54 | 68.17 | OK | |
r-release-linux-x86_64 | 1.1-2 | 32.26 | 34.21 | 66.47 | OK | |
r-release-macos-arm64 | 1.1-2 | 32.00 | OK | |||
r-release-macos-x86_64 | 1.1-2 | 43.00 | OK | |||
r-release-windows-x86_64 | 1.1-2 | 43.00 | 87.00 | 130.00 | OK | |
r-oldrel-macos-arm64 | 1.1-2 | 36.00 | NOTE | |||
r-oldrel-macos-x86_64 | 1.1-2 | 43.00 | OK | |||
r-oldrel-windows-ix86+x86_64 | 1.1-2 | 93.00 | 88.00 | 181.00 | OK |
Version: 1.1-2
Check: installed package size
Result: NOTE
installed size is 5.5Mb
sub-directories of 1Mb or more:
libs 5.3Mb
Flavor: r-oldrel-macos-arm64