CRAN Package Check Results for Package fAssets

Last updated on 2022-07-04 10:52:12 CEST.

Flavor Version Tinstall Tcheck Ttotal Status Flags
r-devel-linux-x86_64-debian-clang 3042.84 10.80 85.11 95.91 NOTE
r-devel-linux-x86_64-debian-gcc 3042.84 9.14 66.47 75.61 NOTE
r-devel-linux-x86_64-fedora-clang 3042.84 125.55 NOTE
r-devel-linux-x86_64-fedora-gcc 3042.84 127.63 NOTE
r-devel-windows-x86_64 3042.84 31.00 103.00 134.00 NOTE
r-patched-linux-x86_64 3042.84 10.64 82.08 92.72 NOTE
r-release-linux-x86_64 3042.84 8.92 82.47 91.39 NOTE
r-release-macos-arm64 3042.84 36.00 NOTE
r-release-macos-x86_64 3042.84 49.00 NOTE
r-release-windows-x86_64 3042.84 32.00 108.00 140.00 NOTE
r-oldrel-macos-arm64 3042.84 44.00 NOTE
r-oldrel-macos-x86_64 3042.84 59.00 NOTE
r-oldrel-windows-ix86+x86_64 3042.84 21.00 106.00 127.00 NOTE

Check Details

Version: 3042.84
Check: LazyData
Result: NOTE
     'LazyData' is specified without a 'data' directory
Flavors: r-devel-linux-x86_64-debian-clang, r-devel-linux-x86_64-debian-gcc, r-devel-linux-x86_64-fedora-clang, r-devel-linux-x86_64-fedora-gcc, r-devel-windows-x86_64, r-patched-linux-x86_64, r-release-linux-x86_64, r-release-macos-arm64, r-release-macos-x86_64, r-release-windows-x86_64, r-oldrel-macos-arm64, r-oldrel-macos-x86_64, r-oldrel-windows-ix86+x86_64