CRAN Package Check Results for Package ezknitr

Last updated on 2022-12-05 09:51:17 CET.

Flavor Version Tinstall Tcheck Ttotal Status Flags
r-devel-linux-x86_64-debian-clang 0.6 1.54 27.93 29.47 NOTE
r-devel-linux-x86_64-debian-gcc 0.6 1.81 22.52 24.33 NOTE
r-devel-linux-x86_64-fedora-clang 0.6 48.98 NOTE
r-devel-linux-x86_64-fedora-gcc 0.6 58.94 NOTE
r-devel-windows-x86_64 0.6 9.00 67.00 76.00 NOTE
r-patched-linux-x86_64 0.6 2.23 27.15 29.38 NOTE
r-release-linux-x86_64 0.6 1.64 28.03 29.67 NOTE
r-release-macos-arm64 0.6 23.00 NOTE
r-release-macos-x86_64 0.6 30.00 NOTE
r-release-windows-x86_64 0.6 10.00 63.00 73.00 NOTE
r-oldrel-macos-arm64 0.6 22.00 NOTE
r-oldrel-macos-x86_64 0.6 30.00 NOTE
r-oldrel-windows-ix86+x86_64 0.6 5.00 55.00 60.00 NOTE

Check Details

Version: 0.6
Check: LazyData
Result: NOTE
     'LazyData' is specified without a 'data' directory
Flavors: r-devel-linux-x86_64-debian-clang, r-devel-linux-x86_64-debian-gcc, r-devel-linux-x86_64-fedora-clang, r-devel-linux-x86_64-fedora-gcc, r-devel-windows-x86_64, r-patched-linux-x86_64, r-release-linux-x86_64, r-release-macos-arm64, r-release-macos-x86_64, r-release-windows-x86_64, r-oldrel-macos-arm64, r-oldrel-macos-x86_64, r-oldrel-windows-ix86+x86_64