CRAN Package Check Results for Package extremis

Last updated on 2023-02-06 09:55:42 CET.

Flavor Version Tinstall Tcheck Ttotal Status Flags
r-devel-linux-x86_64-debian-clang 1.2.1 13.61 82.90 96.51 OK
r-devel-linux-x86_64-debian-gcc 1.2.1 9.01 65.06 74.07 OK
r-devel-linux-x86_64-fedora-clang 1.2.1 116.97 NOTE
r-devel-linux-x86_64-fedora-gcc 1.2.1 115.21 NOTE
r-devel-windows-x86_64 1.2.1 28.00 112.00 140.00 OK
r-patched-linux-x86_64 1.2.1 11.32 79.01 90.33 OK
r-release-linux-x86_64 1.2.1 10.06 79.95 90.01 OK
r-release-macos-arm64 1.2.1 37.00 OK
r-release-macos-x86_64 1.2.1 51.00 OK
r-release-windows-x86_64 1.2.1 23.00 115.00 138.00 OK
r-oldrel-macos-arm64 1.2.1 40.00 OK
r-oldrel-macos-x86_64 1.2.1 52.00 OK
r-oldrel-windows-ix86+x86_64 1.2.1 24.00 132.00 156.00 OK

Check Details

Version: 1.2.1
Check: compiled code
Result: NOTE
    File ‘extremis/libs/extremis.so’:
     Found no calls to: ‘R_registerRoutines’, ‘R_useDynamicSymbols’
    
    It is good practice to register native routines and to disable symbol
    search.
    
    See ‘Writing portable packages’ in the ‘Writing R Extensions’ manual.
Flavors: r-devel-linux-x86_64-fedora-clang, r-devel-linux-x86_64-fedora-gcc