CRAN Package Check Results for Package expSBM

Last updated on 2023-01-31 10:52:07 CET.

Flavor Version Tinstall Tcheck Ttotal Status Flags
r-devel-linux-x86_64-debian-clang 1.3.5 73.73 34.90 108.63 NOTE
r-devel-linux-x86_64-debian-gcc 1.3.5 59.55 27.55 87.10 NOTE
r-devel-linux-x86_64-fedora-clang 1.3.5 177.28 NOTE
r-devel-linux-x86_64-fedora-gcc 1.3.5 153.90 NOTE
r-devel-windows-x86_64 1.3.5 78.00 86.00 164.00 NOTE
r-patched-linux-x86_64 1.3.5 69.08 35.46 104.54 OK
r-release-linux-x86_64 1.3.5 62.22 35.51 97.73 OK
r-release-macos-arm64 1.3.5 40.00 OK
r-release-macos-x86_64 1.3.5 52.00 OK
r-release-windows-x86_64 1.3.5 71.00 92.00 163.00 OK
r-oldrel-macos-arm64 1.3.5 49.00 OK
r-oldrel-macos-x86_64 1.3.5 79.00 OK
r-oldrel-windows-ix86+x86_64 1.3.5 202.00 90.00 292.00 OK

Check Details

Version: 1.3.5
Check: C++ specification
Result: NOTE
     Specified C++11: please update to current default of C++17
Flavors: r-devel-linux-x86_64-debian-clang, r-devel-linux-x86_64-debian-gcc, r-devel-linux-x86_64-fedora-clang, r-devel-linux-x86_64-fedora-gcc, r-devel-windows-x86_64