Last updated on 2023-09-30 10:57:06 CEST.
Flavor | Version | Tinstall | Tcheck | Ttotal | Status | Flags |
---|---|---|---|---|---|---|
r-devel-linux-x86_64-debian-clang | 2.5.5 | 26.87 | 126.45 | 153.32 | NOTE | |
r-devel-linux-x86_64-debian-gcc | 2.5.5 | 19.93 | 94.64 | 114.57 | NOTE | |
r-devel-linux-x86_64-fedora-clang | 2.5.5 | 185.16 | OK | |||
r-devel-linux-x86_64-fedora-gcc | 2.5.5 | 181.59 | OK | |||
r-devel-windows-x86_64 | 2.5.5 | 27.00 | 127.00 | 154.00 | NOTE | |
r-patched-linux-x86_64 | 2.5.5 | 29.53 | 119.47 | 149.00 | NOTE | |
r-release-linux-x86_64 | 2.5.5 | 25.29 | 120.20 | 145.49 | NOTE | |
r-release-macos-arm64 | 2.5.5 | 60.00 | NOTE | |||
r-release-macos-x86_64 | 2.5.5 | 93.00 | NOTE | |||
r-release-windows-x86_64 | 2.5.5 | 34.00 | 148.00 | 182.00 | NOTE | |
r-oldrel-macos-arm64 | 2.5.5 | 57.00 | NOTE | |||
r-oldrel-macos-x86_64 | 2.5.5 | 72.00 | NOTE | |||
r-oldrel-windows-x86_64 | 2.5.5 | 34.00 | 141.00 | 175.00 | NOTE |
Version: 2.5.5
Check: package dependencies
Result: NOTE
Package suggested but not available for checking: ‘INLA’
Flavors: r-devel-linux-x86_64-debian-clang, r-devel-linux-x86_64-debian-gcc, r-devel-windows-x86_64, r-patched-linux-x86_64, r-release-linux-x86_64, r-release-macos-arm64, r-release-macos-x86_64, r-release-windows-x86_64, r-oldrel-macos-arm64, r-oldrel-macos-x86_64, r-oldrel-windows-x86_64