Last updated on 2023-02-03 09:55:29 CET.
Flavor | Version | Tinstall | Tcheck | Ttotal | Status | Flags |
---|---|---|---|---|---|---|
r-devel-linux-x86_64-debian-clang | 0.1.2 | 9.15 | 74.90 | 84.05 | NOTE | |
r-devel-linux-x86_64-debian-gcc | 0.1.2 | 5.87 | 58.17 | 64.04 | NOTE | |
r-devel-linux-x86_64-fedora-clang | 0.1.2 | 105.88 | NOTE | |||
r-devel-linux-x86_64-fedora-gcc | 0.1.2 | 102.77 | NOTE | |||
r-devel-windows-x86_64 | 0.1.2 | 14.00 | 110.00 | 124.00 | NOTE | |
r-patched-linux-x86_64 | 0.1.2 | 8.62 | 70.71 | 79.33 | NOTE | |
r-release-linux-x86_64 | 0.1.2 | 9.78 | 71.29 | 81.07 | NOTE | |
r-release-macos-arm64 | 0.1.2 | 32.00 | NOTE | |||
r-release-macos-x86_64 | 0.1.2 | 45.00 | NOTE | |||
r-release-windows-x86_64 | 0.1.2 | 16.00 | 107.00 | 123.00 | NOTE | |
r-oldrel-macos-arm64 | 0.1.2 | 39.00 | NOTE | |||
r-oldrel-macos-x86_64 | 0.1.2 | 42.00 | NOTE | |||
r-oldrel-windows-ix86+x86_64 | 0.1.2 | 18.00 | 91.00 | 109.00 | NOTE |
Version: 0.1.2
Check: LazyData
Result: NOTE
'LazyData' is specified without a 'data' directory
Flavors: r-devel-linux-x86_64-debian-clang, r-devel-linux-x86_64-debian-gcc, r-devel-linux-x86_64-fedora-clang, r-devel-linux-x86_64-fedora-gcc, r-devel-windows-x86_64, r-patched-linux-x86_64, r-release-linux-x86_64, r-release-macos-arm64, r-release-macos-x86_64, r-release-windows-x86_64, r-oldrel-macos-arm64, r-oldrel-macos-x86_64, r-oldrel-windows-ix86+x86_64