Last updated on 2024-04-18 10:49:47 CEST.
Flavor | Version | Tinstall | Tcheck | Ttotal | Status | Flags |
---|---|---|---|---|---|---|
r-devel-linux-x86_64-debian-clang | 4.1.0 | 14.75 | 396.36 | 411.11 | NOTE | |
r-devel-linux-x86_64-debian-gcc | 4.1.0 | 9.87 | 483.97 | 493.84 | NOTE | |
r-devel-linux-x86_64-fedora-clang | 4.1.0 | 517.91 | NOTE | |||
r-devel-linux-x86_64-fedora-gcc | 4.1.0 | 461.86 | NOTE | |||
r-prerel-macos-arm64 | 4.1.0 | 209.00 | NOTE | |||
r-prerel-windows-x86_64 | 4.1.0 | 16.00 | 431.00 | 447.00 | NOTE | |
r-patched-linux-x86_64 | 4.1.0 | 19.28 | 426.55 | 445.83 | NOTE | |
r-release-linux-x86_64 | 4.1.0 | 13.99 | 330.68 | 344.67 | OK | |
r-release-macos-arm64 | 4.1.0 | 239.00 | OK | |||
r-release-macos-x86_64 | 4.1.0 | 314.00 | OK | |||
r-release-windows-x86_64 | 4.1.0 | 19.00 | 699.00 | 718.00 | OK | |
r-oldrel-macos-arm64 | 4.1.0 | 195.00 | OK | |||
r-oldrel-windows-x86_64 | 4.1.0 | 18.00 | 396.00 | 414.00 | OK |
Version: 4.1.0
Check: Rd files
Result: NOTE
checkRd: (-1) ergm.rank-package.Rd:42: Lost braces
42 | 1100-1128. c("\\Sexpr[results=rd,stage=build]{tools:::Rd_expr_doi(\"#1\")}",
| ^
Flavors: r-devel-linux-x86_64-debian-clang, r-devel-linux-x86_64-debian-gcc, r-devel-linux-x86_64-fedora-clang, r-devel-linux-x86_64-fedora-gcc, r-prerel-macos-arm64, r-prerel-windows-x86_64, r-patched-linux-x86_64