Last updated on 2024-04-23 10:54:02 CEST.
Flavor | Version | Tinstall | Tcheck | Ttotal | Status | Flags |
---|---|---|---|---|---|---|
r-devel-linux-x86_64-debian-clang | 4.6.0 | 83.37 | 708.29 | 791.66 | OK | --no-vignettes |
r-devel-linux-x86_64-debian-gcc | 4.6.0 | 74.81 | 507.30 | 582.11 | OK | --no-vignettes |
r-devel-linux-x86_64-fedora-clang | 4.6.0 | 1252.84 | NOTE | |||
r-devel-linux-x86_64-fedora-gcc | 4.6.0 | 1257.24 | OK | |||
r-prerel-macos-arm64 | 4.6.0 | 338.00 | NOTE | |||
r-prerel-windows-x86_64 | 4.6.0 | 91.00 | 204.00 | 295.00 | OK | --no-examples --no-tests --no-vignettes |
r-patched-linux-x86_64 | 4.6.0 | 100.97 | 661.81 | 762.78 | WARN | --no-vignettes |
r-release-linux-x86_64 | 4.6.0 | 83.81 | 644.99 | 728.80 | OK | --no-vignettes |
r-release-macos-arm64 | 4.6.0 | 413.00 | NOTE | |||
r-release-macos-x86_64 | 4.6.0 | 628.00 | NOTE | |||
r-release-windows-x86_64 | 4.6.0 | 113.00 | 203.00 | 316.00 | OK | --no-examples --no-tests --no-vignettes |
r-oldrel-macos-arm64 | 4.6.0 | 317.00 | NOTE | |||
r-oldrel-windows-x86_64 | 4.6.0 | 111.00 | 157.00 | 268.00 | OK | --no-examples --no-tests --no-vignettes |
Version: 4.6.0
Check: installed package size
Result: NOTE
installed size is 5.3Mb
sub-directories of 1Mb or more:
R 1.0Mb
doc 1.7Mb
Flavors: r-devel-linux-x86_64-fedora-clang, r-prerel-macos-arm64, r-release-macos-arm64, r-release-macos-x86_64, r-oldrel-macos-arm64
Version: 4.6.0
Flags: --no-vignettes
Check: whether package can be installed
Result: WARN
Found the following significant warnings:
Rd warning: no hsearch.rds meta data for package ergm
See ‘/home/hornik/tmp/R.check/r-patched-gcc/Work/PKGS/ergm.Rcheck/00install.out’ for details.
* used C compiler: ‘gcc-13 (Debian 13.2.0-13) 13.2.0’
Flavor: r-patched-linux-x86_64