CRAN Package Check Results for Package ergm

Last updated on 2020-05-24 09:46:38 CEST.

Flavor Version Tinstall Tcheck Ttotal Status Flags
r-devel-linux-x86_64-debian-clang 3.10.4 59.71 623.33 683.04 OK
r-devel-linux-x86_64-debian-gcc 3.10.4 52.69 479.61 532.30 OK
r-devel-linux-x86_64-fedora-clang 3.10.4 812.79 NOTE
r-devel-linux-x86_64-fedora-gcc 3.10.4 809.67 OK
r-devel-windows-ix86+x86_64 3.10.4 161.00 193.00 354.00 OK --no-examples --no-tests --no-vignettes
r-patched-linux-x86_64 3.10.4 57.50 602.46 659.96 OK
r-patched-solaris-x86 3.10.4 1194.30 OK
r-release-linux-x86_64 3.10.4 56.71 606.71 663.42 OK
r-release-osx-x86_64 3.10.4 NOTE
r-release-windows-ix86+x86_64 3.10.4 150.00 249.00 399.00 OK --no-examples --no-tests --no-vignettes
r-oldrel-osx-x86_64 3.10.4 NOTE
r-oldrel-windows-ix86+x86_64 3.10.4 137.00 240.00 377.00 OK --no-examples --no-tests --no-vignettes

Check Details

Version: 3.10.4
Check: installed package size
Result: NOTE
     installed size is 5.6Mb
     sub-directories of 1Mb or more:
     doc 1.6Mb
     libs 2.1Mb
Flavors: r-devel-linux-x86_64-fedora-clang, r-release-osx-x86_64, r-oldrel-osx-x86_64

Version: 3.10.4
Check: package dependencies
Result: NOTE
    Package suggested but not available for checking: ‘Rmpi’
Flavors: r-release-osx-x86_64, r-oldrel-osx-x86_64