CRAN Package Check Results for Package equSA

Last updated on 2019-12-08 09:46:50 CET.

Flavor Version Tinstall Tcheck Ttotal Status Flags
r-devel-linux-x86_64-debian-clang 1.2.1 15.57 122.19 137.76 NOTE
r-devel-linux-x86_64-debian-gcc 1.2.1 10.95 91.25 102.20 NOTE
r-devel-linux-x86_64-fedora-clang 1.2.1 166.13 NOTE
r-devel-linux-x86_64-fedora-gcc 1.2.1 175.14 NOTE
r-devel-windows-ix86+x86_64 1.2.1 27.00 288.00 315.00 OK
r-devel-windows-ix86+x86_64-gcc8 1.2.1 27.00 234.00 261.00 OK
r-patched-linux-x86_64 1.2.1 12.98 129.36 142.34 OK
r-patched-solaris-x86 1.2.1 250.00 OK
r-release-linux-x86_64 1.2.1 14.22 128.48 142.70 OK
r-release-windows-ix86+x86_64 1.2.1 31.00 237.00 268.00 OK
r-release-osx-x86_64 1.2.1 OK
r-oldrel-windows-ix86+x86_64 1.2.1 22.00 219.00 241.00 OK
r-oldrel-osx-x86_64 1.2.1 OK

Check Details

Version: 1.2.1
Check: for non-standard things in the check directory
Result: NOTE
    Found the following files/directories:
     'Net1' 'Net2'
Flavors: r-devel-linux-x86_64-debian-clang, r-devel-linux-x86_64-debian-gcc, r-devel-linux-x86_64-fedora-clang, r-devel-linux-x86_64-fedora-gcc