CRAN Package Check Results for Package equSA

Last updated on 2020-09-21 09:02:46 CEST.

Flavor Version Tinstall Tcheck Ttotal Status Flags
r-devel-linux-x86_64-debian-clang 1.2.1 15.84 126.03 141.87 NOTE
r-devel-linux-x86_64-debian-gcc 1.2.1 11.78 92.49 104.27 NOTE
r-devel-linux-x86_64-fedora-clang 1.2.1 200.17 NOTE
r-devel-linux-x86_64-fedora-gcc 1.2.1 193.13 NOTE
r-devel-windows-ix86+x86_64 1.2.1 36.00 241.00 277.00 OK
r-patched-linux-x86_64 1.2.1 13.28 139.10 152.38 NOTE
r-patched-solaris-x86 1.2.1 267.10 NOTE
r-release-linux-x86_64 1.2.1 14.82 139.93 154.75 NOTE
r-release-macos-x86_64 1.2.1 OK
r-release-windows-ix86+x86_64 1.2.1 38.00 219.00 257.00 OK
r-oldrel-macos-x86_64 1.2.1 OK
r-oldrel-windows-ix86+x86_64 1.2.1 22.00 213.00 235.00 OK

Check Details

Version: 1.2.1
Check: for non-standard things in the check directory
Result: NOTE
    Found the following files/directories:
     'Net1' 'Net2'
Flavors: r-devel-linux-x86_64-debian-clang, r-devel-linux-x86_64-debian-gcc, r-devel-linux-x86_64-fedora-clang, r-devel-linux-x86_64-fedora-gcc, r-patched-linux-x86_64, r-patched-solaris-x86, r-release-linux-x86_64