CRAN Package Check Results for Package epifitter

Last updated on 2022-09-29 09:55:30 CEST.

Flavor Version Tinstall Tcheck Ttotal Status Flags
r-devel-linux-x86_64-debian-clang 0.3.0 3.36 79.60 82.96 OK
r-devel-linux-x86_64-debian-gcc 0.3.0 2.67 58.21 60.88 OK
r-devel-linux-x86_64-fedora-clang 0.3.0 114.56 NOTE
r-devel-linux-x86_64-fedora-gcc 0.3.0 111.08 NOTE
r-devel-windows-x86_64 0.3.0 20.00 114.00 134.00 OK
r-patched-linux-x86_64 0.3.0 3.37 73.93 77.30 OK
r-release-linux-x86_64 0.3.0 2.24 72.91 75.15 OK
r-release-macos-arm64 0.3.0 39.00 NOTE
r-release-macos-x86_64 0.3.0 68.00 NOTE
r-release-windows-x86_64 0.3.0 24.00 122.00 146.00 OK
r-oldrel-macos-arm64 0.3.0 50.00 NOTE
r-oldrel-macos-x86_64 0.3.0 46.00 NOTE
r-oldrel-windows-ix86+x86_64 0.3.0 9.00 104.00 113.00 OK

Check Details

Version: 0.3.0
Check: dependencies in R code
Result: NOTE
    Namespace in Imports field not imported from: ‘knitr’
     All declared Imports should be used.
Flavors: r-devel-linux-x86_64-fedora-clang, r-devel-linux-x86_64-fedora-gcc, r-release-macos-arm64, r-release-macos-x86_64, r-oldrel-macos-arm64, r-oldrel-macos-x86_64