Last updated on 2025-10-21 09:48:31 CEST.
Flavor | Version | Tinstall | Tcheck | Ttotal | Status | Flags |
---|---|---|---|---|---|---|
r-devel-linux-x86_64-debian-clang | 1.0.8 | 14.30 | 40.96 | 55.26 | OK | |
r-devel-linux-x86_64-debian-gcc | 1.0.8 | 12.13 | 30.78 | 42.91 | NOTE | |
r-devel-linux-x86_64-fedora-clang | 1.0.8 | 82.29 | OK | |||
r-devel-linux-x86_64-fedora-gcc | 1.0.8 | 84.19 | OK | |||
r-devel-windows-x86_64 | 1.0.8 | 29.00 | 79.00 | 108.00 | OK | |
r-patched-linux-x86_64 | 1.0.8 | 15.91 | 37.66 | 53.57 | OK | |
r-release-linux-x86_64 | 1.0.8 | 15.56 | 38.57 | 54.13 | OK | |
r-release-macos-arm64 | 1.0.8 | 30.00 | OK | |||
r-release-macos-x86_64 | 1.0.8 | 45.00 | OK | |||
r-release-windows-x86_64 | 1.0.8 | 31.00 | 79.00 | 110.00 | OK | |
r-oldrel-macos-arm64 | 1.0.8 | 34.00 | OK | |||
r-oldrel-macos-x86_64 | 1.0.8 | 52.00 | OK | |||
r-oldrel-windows-x86_64 | 1.0.8 | 33.00 | 90.00 | 123.00 | OK |
Version: 1.0.8
Check: HTML version of manual
Result: NOTE
Found the following HTML validation problems:
ENadddemand.html:58:1 (ENadddemand.Rd:16): Warning: missing </ul> before </div>
ENdeletedemand.html:50:1 (ENdeletedemand.Rd:12): Warning: missing </ul> before </div>
ENsetbasedemand.html:54:1 (ENsetbasedemand.Rd:14): Warning: missing </ul> before </div>
ENsetdemandmodel.html:58:1 (ENsetdemandmodel.Rd:16): Warning: missing </ul> before </div>
ENsetdemandname.html:54:1 (ENsetdemandname.Rd:14): Warning: missing </ul> before </div>
ENsetlinkid.html:50:1 (ENsetlinkid.Rd:12): Warning: missing </ul> before </div>
ENsetlinknodes.html:54:1 (ENsetlinknodes.Rd:14): Warning: missing </ul> before </div>
ENsetnodeid.html:50:1 (ENsetnodeid.Rd:12): Warning: missing </ul> before </div>
ENsetreport.html:46:1 (ENsetreport.Rd:10): Warning: missing </ul> before </div>
ENsetstatusreport.html:46:1 (ENsetstatusreport.Rd:10): Warning: missing </ul> before </div>
ENsettankdata.html:83:1 (ENsettankdata.Rd:33): Warning: missing </ul> before </div>
ENsetvertices.html:54:1 (ENsetvertices.Rd:14): Warning: missing </ul> before </div>
Flavor: r-devel-linux-x86_64-debian-gcc