Last updated on 2024-04-22 10:56:23 CEST.
Flavor | Version | Tinstall | Tcheck | Ttotal | Status | Flags |
---|---|---|---|---|---|---|
r-devel-linux-x86_64-debian-clang | 0.7.1 | 9.15 | 76.48 | 85.63 | NOTE | |
r-devel-linux-x86_64-debian-gcc | 0.7.1 | 6.62 | 71.61 | 78.23 | OK | |
r-devel-linux-x86_64-fedora-clang | 0.7.1 | 114.83 | NOTE | |||
r-devel-linux-x86_64-fedora-gcc | 0.7.1 | 124.21 | NOTE | |||
r-prerel-macos-arm64 | 0.7.1 | 49.00 | OK | |||
r-prerel-macos-x86_64 | 0.7.1 | 80.00 | OK | |||
r-prerel-windows-x86_64 | 0.7.1 | 8.00 | 114.00 | 122.00 | OK | |
r-patched-linux-x86_64 | 0.7.1 | 9.07 | 91.07 | 100.14 | OK | |
r-release-linux-x86_64 | 0.7.1 | 4.65 | 92.60 | 97.25 | OK | |
r-release-macos-arm64 | 0.7.1 | 38.00 | NOTE | |||
r-release-macos-x86_64 | 0.7.1 | 38.00 | NOTE | |||
r-release-windows-x86_64 | 0.7.1 | 10.00 | 134.00 | 144.00 | OK | |
r-oldrel-macos-arm64 | 0.7.1 | 37.00 | OK | |||
r-oldrel-windows-x86_64 | 0.7.1 | 10.00 | 121.00 | 131.00 | OK |
Version: 0.7.1
Check: package dependencies
Result: NOTE
Packages suggested but not available for checking: 'xcms', 'MSnbase'
Flavors: r-devel-linux-x86_64-debian-clang, r-devel-linux-x86_64-fedora-clang, r-devel-linux-x86_64-fedora-gcc, r-release-macos-arm64, r-release-macos-x86_64