CRAN Package Check Results for Package emoa

Last updated on 2022-01-22 09:54:03 CET.

Flavor Version Tinstall Tcheck Ttotal Status Flags
r-devel-linux-x86_64-debian-clang 0.5-0.1 6.32 32.67 38.99 OK
r-devel-linux-x86_64-debian-gcc 0.5-0.1 4.59 26.11 30.70 OK
r-devel-linux-x86_64-fedora-clang 0.5-0.1 49.39 NOTE
r-devel-linux-x86_64-fedora-gcc 0.5-0.1 37.40 NOTE
r-devel-windows-x86_64-new-UL 0.5-0.1 50.00 56.00 106.00 OK
r-devel-windows-x86_64-new-TK 0.5-0.1 OK
r-patched-linux-x86_64 0.5-0.1 5.40 31.96 37.36 OK
r-release-linux-x86_64 0.5-0.1 5.68 32.33 38.01 OK
r-release-macos-arm64 0.5-0.1 OK
r-release-macos-x86_64 0.5-0.1 OK
r-release-windows-ix86+x86_64 0.5-0.1 22.00 40.00 62.00 OK
r-oldrel-macos-x86_64 0.5-0.1 OK
r-oldrel-windows-ix86+x86_64 0.5-0.1 47.00 38.00 85.00 OK

Check Details

Version: 0.5-0.1
Check: compiled code
Result: NOTE
    File ‘emoa/libs/emoa.so’:
     Found no calls to: ‘R_registerRoutines’, ‘R_useDynamicSymbols’
    
    It is good practice to register native routines and to disable symbol
    search.
    
    See ‘Writing portable packages’ in the ‘Writing R Extensions’ manual.
Flavors: r-devel-linux-x86_64-fedora-clang, r-devel-linux-x86_64-fedora-gcc