CRAN Package Check Results for Package emmeans

Last updated on 2020-07-14 09:50:27 CEST.

Flavor Version Tinstall Tcheck Ttotal Status Flags
r-devel-linux-x86_64-debian-clang 1.4.8 12.66 218.83 231.49 OK
r-devel-linux-x86_64-debian-gcc 1.4.8 10.60 164.73 175.33 OK
r-devel-linux-x86_64-fedora-clang 1.4.8 290.22 OK
r-devel-linux-x86_64-fedora-gcc 1.4.8 283.83 OK
r-devel-windows-ix86+x86_64 1.4.8 38.00 318.00 356.00 OK
r-patched-linux-x86_64 1.4.8 11.96 211.85 223.81 NOTE
r-patched-solaris-x86 1.4.8 347.20 OK
r-release-linux-x86_64 1.4.8 12.94 212.15 225.09 NOTE
r-release-macos-x86_64 1.4.8 ERROR
r-release-windows-ix86+x86_64 1.4.8 30.00 224.00 254.00 OK
r-oldrel-macos-x86_64 1.4.8 OK
r-oldrel-windows-ix86+x86_64 1.4.8 26.00 292.00 318.00 OK

Check Details

Version: 1.4.8
Check: package dependencies
Result: NOTE
    Package which this enhances but not available for checking: ‘rstanarm’
Flavors: r-patched-linux-x86_64, r-release-linux-x86_64

Version: 1.4.8
Check: whether package can be installed
Result: ERROR
    Installation failed.
Flavor: r-release-macos-x86_64